base 2, what is 11011001 - -10000?
11101001
In base 3, what is -100 + 211?
111
In base 5, what is 21 - -241?
312
In base 5, what is -32 + -11?
-43
In base 2, what is 100100 + 101?
101001
In base 12, what is -1 - b9?
-ba
In base 11, what is -931 + -10?
-941
In base 9, what is 6 - 3867?
-3861
In base 5, what is 24 - 302?
-223
In base 2, what is -1001000110010 + 101?
-1001000101101
In base 5, what is -1231024 + -2?
-1231031
In base 15, what is 9 + -17?
-d
In base 16, what is 44 + 3?
47
In base 15, what is -4 - 193?
-197
In base 13, what is -3 - 48?
-4b
In base 10, what is -4 - -23?
19
In base 14, what is 27 + -7?
20
In base 16, what is -3 - -37?
34
In base 4, what is 0 + -1231?
-1231
In base 6, what is 22253 - 4?
22245
In base 16, what is 34 + 2?
36
In base 11, what is 4 + 1580?
1584
In base 9, what is 61 - -13?
74
In base 4, what is 1 - -20203?
20210
In base 2, what is 1 + -11001001?
-11001000
In base 4, what is -11 - 20002?
-20013
In base 4, what is 0 + -32?
-32
In base 14, what is 3d6 - 4?
3d2
In base 3, what is 2021100 - 10?
2021020
In base 16, what is -4 + -22?
-26
In base 12, what is -5 - 52?
-57
In base 4, what is -30213 + -3?
-30222
In base 12, what is -899 + 5?
-894
In base 12, what is -5 - 38?
-41
In base 3, what is 10012202 - 10?
10012122
In base 9, what is -4 + 6?
2
In base 16, what is -24 - e?
-32
In base 8, what is -22 - -10?
-12
In base 3, what is -102 + -20100?
-20202
In base 8, what is 5 + 7506?
7513
In base 3, what is -101120 + 2?
-101111
In base 4, what is 33 - -10101?
10200
In base 7, what is -556 - -4?
-552
In base 5, what is 2202 + -2?
2200
In base 11, what is -357 - -4?
-353
In base 5, what is -2121 - 4?
-2130
In base 11, what is -6 - 3?
-9
In base 3, what is 110 - -12?
122
In base 6, what is -313 + -12?
-325
In base 11, what is -1a7 + 5?
-1a2
In base 10, what is 1609 - -3?
1612
In base 11, what is 34 + 8?
41
In base 11, what is -138 + -7?
-144
In base 15, what is 2593 + -4?
258e
In base 4, what is -2 - -1021?
1013
In base 4, what is -130 - -31?
-33
In base 12, what is 5 - -10?
15
In base 9, what is -2472 + -2?
-2474
In base 12, what is 60 - -86?
126
In base 12, what is -1 + -120?
-121
In base 10, what is -5 + -31?
-36
In base 15, what is 7 + 295?
29c
In base 8, what is 2726 + 2?
2730
In base 4, what is 21 + -221320?
-221233
In base 16, what is 5 + 20d?
212
In base 16, what is 9 - 24?
-1b
In base 12, what is -3 - b7?
-ba
In base 15, what is -5 + 66?
61
In base 8, what is -51 - 0?
-51
In base 14, what is 1a2 + 2?
1a4
In base 5, what is 3 + 1011?
1014
In base 9, what is 2 - 6034?
-6032
In base 9, what is 0 - -25?
25
In base 10, what is -3 - 2875?
-2878
In base 2, what is 1101 + -1011000?
-1001011
In base 5, what is -2 - -40144?
40142
In base 16, what is 0 - 3a8?
-3a8
In base 15, what is -e + 0?
-e
In base 4, what is 111320 + -21?
111233
In base 4, what is -10 + 211313?
211303
In base 16, what is -5 + -f?
-14
In base 5, what is 310 - -22?
332
In base 13, what is 6 + -58?
-52
In base 4, what is 1322 + 120?
2102
In base 12, what is -642a - 2?
-6430
In base 3, what is 2 + -21111?
-21102
In base 7, what is -2 - 125?
-130
In base 3, what is 101 - -11100?
11201
In base 14, what is -42c - 4?
-432
In base 6, what is 211 - -25?
240
In base 12, what is 2 - -936?
938
In base 5, what is -234 - 234?
-1023
In base 3, what is -1102111 + 10?
-1102101
In base 10, what is 2140 - 4?
2136
In base 7, what is -2050 - -5?
-2042
In base 8, what is 41 - 466?
-425
In base 10, what is -3 + -2?
-5
In base 6, what is 100 + -45?
11
In base 2, what is 100 - -1111100000?
1111100100
In base 3, what is -1001 + -1011012?
-1012020
In base 11, what is 1646 + 1?
1647
In base 9, what is 533 - 2?
531
In base 16, what is -3 - -6a?
67
In base 8, what is 10 - -1206?
1216
In base 2, what is -1001111 + -101011?
-1111010
In base 3, what is -11001 + 11?
-10220
In base 16, what is 4 - -42?
46
In base 2, what is 1111010 + 11?
1111101
In base 6, what is 500 + -12?
444
In base 6, what is -230 - -2?
-224
In base 15, what is -c + -1?
-d
In base 8, what is 26 - -24?
52
In base 6, what is -15 + -104?
-123
In base 11, what is -3 + 365?
362
In base 13, what is -1a + -7?
-24
In base 8, what is 1044 + 3?
1047
In base 16, what is -1 - -c?
b
In base 14, what is 1 + -222?
-221
In base 16, what is 2e + -18?
16
In base 14, what is -11 - d?
-20
In base 13, what is -2b5 - 18?
-300
In base 16, what is -da6 - 1?
-da7
In base 7, what is 4 + -305?
-301
In base 15, what is -3bc6 + 2?
-3bc4
In base 8, what is -17077 + -4?
-17103
In base 14, what is -c - a?
-18
In base 3, what is 11 - -11000?
11011
In base 5, what is 0 - 13?
-13
In base 11, what is -3 - -3a?
37
In base 8, what is 1270 + 7?
1277
In base 11, what is 98 + -4?
94
In base 10, what is -5 + 10152?
10147
In base 9, what is -448 - 2?
-451
In base 9, what is -3 - -62?
58
In base 5, what is -2432 - 3?
-2440
In base 5, what is 0 - -1101?
1101
In base 16, what is -5 - -7eb?
7e6
In base 13, what is -1369 + 5?
-1364
In base 9, what is 388 + 2?
401
In base 6, what is 44342 + 0?
44342
In base 15, what is 1 + c9?
ca
In base 12, what is -441b - -3?
-4418
In base 2, what is -1011111 - 101?
-1100100
In base 6, what is 14 + 35?
53
In base 14, what is 1 - 1c8?
-1c7
In base 8, what is -53 - 13?
-66
In base 15, what is -2b + -93?
-be
In base 3, what is -10 + 100220?
100210
In base 15, what is 5 - -1d?
23
In base 15, what is -2 + c3?
c1
In base 5, what is -4 + -104?
-113
In base 5, what is -3 + -130?
-133
In base 7, what is -1115 - 3?
-1121
In base 15, what is -2e + -32?
-61
In base 6, what is -3 - -33121?
33114
In base 14, what is -b + 6?
-5
In base 6, what is -20055 + -5?
-20104
In base 6, what is 454 + 22?
520
In base 8, what is -21 - -13?
-6
In base 16, what is -5 - -2?
-3
In base 11, what is -20815 - -2?
-20813
In base 2, what is 1110100011 + -10?
1110100001
In base 11, what is -2a7 + -5?
-301
In base 11, what is -9 - -69?
60
In base 8, what is -37 - -24?
-13
In base 8, what is -47 + -6?
-55
In base 9, what is -13 - -1155?
1142
In base 8, what is -6 + -472?
-500
In base 6, what is 4 + 1405?
1413
In base 5, what is 233 - 23?
210
In base 14, what is -91 + 5?
-8a
In base 12, what is 17a3 + -5?
179a
In base 15, what is -28 - 36?
-5e
In base 6, what is 10 + -3514?
-3504
In base 12, what is 0 - -321?
321
In base 7, what is 3 + 1310?
1313
In base 11, what is -2 - a66?
-a68
In base 15, what is -3bb + 1?
-3ba
In base 10, what is 22 - 40?
-18
In base 8, what is -4 + -5?
-11
In base 13, what is 40 - 48?
-8
In base 16, what is 1a63 + 5?
1a68
In base 11, what is 0 - -74?
74
In base 4, what is 1 - 121103?
-121102
In base 11, what is 13 + a24?
a37
In base 9, what is -5 - 72?
-77
In base 12, what is 3 - 0?
3
In base 4, what is -10230 + 2?
-10222
In base 2, what is 10 + 10011?
10101
In base 16, what is -682 + -4?
-686
In base 16, what is -40 + 51?
11
In base 6, what is 3200 + 4?
3204
In base 2, what is 10100101 - 10011?
10010010
In base 6, what is -51 + 3?
-44
In base 7, what is -1 + 430?
426
In base 13, what is 156 + 6?
15c
In base 13, what is 38a - -2?
38c
In base 10, what is 518 + 5?
523
In base 13, what is -15 + -4?
-19
In base 13, what is 3 + -2260?
-225a
In base 2, what is -1010 - -101110110?
101101100
In base 10, what is -2 + -961?
-963
In base 13, what is 115 + 5?
11a
In base 2, what is -1010 - -111100?
110010
In base 14, what is 3d2d - 1?
3d2c
In base 15, what is 873 - -1?
874
In base 3, what is -12212 + -10122?
-100111
In base 6, what is -1 - 22?
-23
In base 4, what is 23 - -11230?
11313
In base 2, what is 10 - 101010?
-101000
In base 16, what is -2 - 4d?
-4f
In base 4, what is 21 + 31?
112
In base 15, what is -3c + -2?
-3e
In base 14, what is 1612 - 5?
160b
In base 3, what is -1 + 20200?
20122
In base 2, what is -100 - 1000111000010?
-1000111000110
In base 16, what is -433 - -3?
-430
In base 12, what is -3 - -54?
51
In base 7, what is 206 - 3?
203
In base 12, what is 31 - 58?
-27
In base 16, what is -1315 + 3?
-1312
In base 7, what is -5 - 666?
-1004
In base 10, what is -134 + 6?
-128
In base 7, what is -5 + -1004?
-1012
In base 9, what is 17 + -2?
15
In base 14, what is -556 + 0?
-556
In base 8, what is 23 + 73?
116
In base 15, what is -19 - 184?
-19d
In base 7, what is 60 - 440?
-350
In base 10, what is 33 + -17?
16
In base 7, what is 5 - -1003?
1011
